-14).
-13
What is the value of -4 - (0 - 10) - 14?
-8
Evaluate 13 - 6 - (-6 + (-7 - -9)).
11
19 - (44 + (8 + -11 - 2))
-20
(2 + -6 - (-43 - -28)) + -5 + 9
15
Calculate -14 + 0 - (0 - 11 - (119 - 122)).
-6
Calculate -1 + 4 - -16 - (18 - (1 + 9)).
11
(0 + -1 + 7 - -1) + 8 + -11
4
10 + (13 - 12) - 18
-7
What is -3 + -3 - ((-2 - 1) + 5)?
-8
What is (4 - 31 - -10) + 16 - 19?
-20
1 + -2 - (-13 - -27 - 9) - -2
-4
Calculate (-30 + 64 - 13) + -35.
-14
What is the value of -10 - -18 - (5 + -1) - (21 + -7)?
-10
What is 14 + (-27 + -16 - -12)?
-17
Evaluate -19 + 8 + 1 + -5 + 6.
-9
What is the value of (-35 - -1) + (296 - 272)?
-10
Calculate 8 - (29 - 22) - (-6 + 2) - 9.
-4
What is 19 - (3 + -22 + 26 + 5)?
7
What is the value of -6 + 5 + (17 - 3 - 3) + 5?
15
What is the value of 3 - (21 + 4) - (-1 - -2)?
-23
Evaluate -12 + (-3 - 9) + 13 + -2 + -15.
-28
-1 + 5 - (-8 - 1)
13
Calculate 9 - 3 - 4 - 5 - -16.
13
What is (8 - -1) + -14 - -13 - 30?
-22
Calculate -4 - -5 - -5 - 18.
-12
What is (-5 - (-2 + 2)) + 2 + -2?
-5
Evaluate -18 - -10 - (8 + -34).
18
Calculate (17 - (1 + 8) - 11) + 5 + 9.
11
(-3 - -7) + -8 + 0 + -1 - -11
6
What is the value of -35 - -26 - -36 - (-1 + 4 + 0)?
24
20 + (20 - 46) - (7 - -9)
-22
15 + (16 - 22) + -2 + -25
-18
What is the value of -11 + 0 + (64 - 64)?
-11
What is -11 - (-1 + -2 + (-130 - -109))?
13
What is the value of -11 + (9 + -10 - -2 - 2)?
-12
-4 + 15 - (11 - 1)
1
-17 + -6 + 6 + (4 - -5) + -5
-13
What is -28 - (4 + -8 + 12 + -14)?
-22
399 + -404 - (12 + (-1 - 1 - -5))
-20
Calculate 2 + 1 + 19 + (14 - 15) + -25.
-4
(-10 - -1) + 8 + (-3 - -2) + -3
-5
What is -20 - ((-20 - -21) + -29)?
8
What is the value of (37 - 28) + (33 - 15)?
27
What is the value of 3 + (-7 - (5 + -5 + -4) - -6)?
6
What is 16 + (-19 - (-3 - -17))?
-17
What is the value of 5 - ((13 - 22) + -1 + 7)?
8
What is the value of -4 + (2 - -7) - 5 - (-8 + 0)?
8
Evaluate (4 - -2) + (-41 - (-8 - 25)) - -38.
36
What is the value of 1 + -1 + -2 + 7 + (5 - -1)?
11
What is 12 + 0 - (10 - -11 - 15)?
6
Evaluate (1 - -9) + -2 + 35 + -39 + -10.
-6
Calculate -9 + (6 - 1) + 10 + -12.
-6
Evaluate -2 - (6 + -1 + (17 - 20)) - -1.
-3
Calculate 8 + (0 + 1 - (16 + -22)) + -30.
-15
What is 10 - 18 - (2 + (5 - 13))?
-2
What is the value of -2 + -3 + (-2 - -11) + (-94 - -94)?
4
Evaluate (-18 + -3 - 13) + 20.
-14
Evaluate -5 + (-1 - 0) + (-20 - (-35 + 16)).
-7
-24 + 0 + 397 + -366
7
What is the value of 37 - ((-18 - -67) + -40)?
28
Evaluate 5 + 3 + -3 + -7 + 7 + -2.
3
Calculate -12 + (11 - (4 + -11)) + 2 + 1.
9
What is the value of 28 + -29 - (-5 - (17 + 4) - 3)?
28
-12 + (30 - (9 - 10 - -20))
-1
(-54 - -62) + (-12 - 4)
-8
(-24 - -28) + 3 - 9
-2
(-700 - -699) + 1 + 0 + -3
-3
What is the value of -4 - (4 + (-1 - -3) - (11 - 15))?
-14
Calculate -21 + 4 + (8 - 0).
-9
What is (1 - -2) + (1273 - 1263) + (1 - -11)?
25
Calculate -9 + -1 + (30 - 25).
-5
Evaluate (-2 - (-2 + (5 - 0) + -6)) + -12.
-11
What is the value of 0 + (12 + 5 + -5 - 2)?
10
What is the value of 12 + -9 + 7 + -26 + 9?
-7
What is the value of (-14 + -9 - -1) + 8 + 6 + -8?
-16
What is -11 + -11 + (109 - 97)?
-10
What is (-29 - (-4 + 6)) + (9 - 7 - 4)?
-33
-1 + -3 + -2 + -8 + 1 + 7
-6
11 - ((-10 + 5 - 12) + 10)
18
What is the value of -363 - -376 - ((-15 - 5) + 3)?
30
Evaluate 18 + (-21 - (7 + -10)).
0
What is the value of (-7 - 1 - 1) + 1492 + -1495?
-12
What is -5 - (-12 - (-8 - (-4 - -3)))?
0
Calculate (0 - 4) + -2 + -5 + 13.
2
What is (1 - 26) + -110 + 126?
-9
What is -20 + 21 + (-1 - 7) - (-7 + -1)?
1
Calculate (-20 - (-62 - -8)) + -14.
20
-17 + (7 - (-1 - -13)) + 5
-17
What is the value of -13 + (12 - -13) - 2 - 11?
-1
What is the value of -18 + 0 + (-28 - 27) + 46?
-27
What is the value of -34 + 5 + (10 - 5) + 3?
-21
Calculate -15 - -18 - (3 + -3 + -1).
4
Evaluate (4 - (3 - 4)) + (9 - (24 - 10)).
0
Evaluate 25 - (27 + (14 - 27)).
11
Calculate 10 - (2 + 11 + -6 + -14).
17
What is 24 + 0 + (8 - 9) + 7 + -13?
17
What is (34 - 36 - (-2 + 1)) + 0 + -5?
-6
Calculate -6 + (5 - 16) + 25.
8
What is (0 - -1) + -10 + (-13 - -26)?
4
What is 184 - 195 - ((10 - 4) + -45)?
28
Calculate (-5 + 1 - 5) + 6 - (20 + -18).
-5
What is (8 - 18) + 17 + (9 - 20)?
-4
What is the value of -23 + 5 - ((8 - 0) + (12 - 14))?
-24
(-9 - 10 - -10 - -11) + 8
10
What is 2 + -2 + (13 - 18)?
-5
Calculate (0 + -6 - (-1 - (-1 - -14))) + 5.
13
What is the value of -8 - (-1 - -3) - (-49 - -45)?
-6
(-8 + -7 - (1 + 0)) + 2
-14
Evaluate (-1 - -2) + (33 - 29) + (-16 - -1).
-10
Evaluate 1 + (-9 + 1 - (-7 + 2)) + -2.
-4
Calculate (462 - 460) + (3 - 2 - (-2 + -1)).
6
What is -25 - -3 - (-1 - 10) - -17?
6
What is 1 + -3 - (6 + (-11 - -10 - 3))?
-4
Calculate -5 - (9 + -20) - (-10 - (1 + -3)).
14
Calculate 1 - (3 + (-6 - -1)) - (-9 - -2).
10
What is (-271 - -282) + (-44 - (-3 + 1))?
-31
Calculate -29 + 21 + -13 - (-8 + -4).
-9
Calculate 2 + -2 - -4 - (-27 + 28).
3
Calculate 9 - (-7 + 2 + 23).
-9
Calculate -2 - (-4 - -11) - (-4 - 1).
-4
Evaluate -21 + (-12 + 21 - 1).
-13
4 - (2 - (-3 + -3) - (-1 - 6))
-11
What is 2 + (2 + -9 + 3 + 7 - -1)?
6
Calculate (-48 - -40) + -19 + 4.
-23
Evaluate (-5 + 7 - (5 - 14)) + 2.
13
-43 + 43 - (0 + 13) - -18
5
Calculate 17 + (-2 - ((8 - 2) + -3) - -6).
18
-3 - ((-13 - -12) + -3 + 18)
-17
Evaluate -19 + -1 - (-54 - -26).
8
Evaluate (-80 - -114) + -6 + 8.
36
Calculate 13 - (0 + (-1 - -2) - (-164 + 159)).
7
Evaluate (0 - 25) + (-358 - -372) - -6.
-5
12 + (-6 - (8 - (3 + 1)))
2
What is -28 - (0 - 1) - -13?
-14
What is the value of 11 - (-7 - 1 - (-22 + 12))?
9
What is the value of -14 - -15 - (-14 - -17 - (-1 - -17))?
14
Evaluate 41 - (44 - (34 - 2)).
29
38 + 0 + 0 + 2 + -11
29
What is 10 + -40 + (6 - -9) + 11?
-4
Evaluate -1 + 0 - ((26 - 35) + 0).
8
Evaluate 9 + -2 + -1 + 6 + -10 + 7.
9
Calculate 2 + 13 + (-14 - -2).
3
10 - (-15 + 38) - -12
-1
Calculate 82 + -77 - -14 - (32 + -1).
-12
Evaluate -7 + 0 + (20 - 13).
0
What is (8 - 5) + (-10 - (-3 + -8))?
4
What is (9 + 8 - (-6 - -20)) + 7 + 1?
11
What is -113 + 103 + (-1 - -3)?
-8
What is (8 - 5) + 2 + 5 + -14?
-4
(-3 - (-5 - -4)) + 11 + 1 + 1
11
Calculate 1 - 8 - (40 + -29 + 3).
-21
What is (3 - (0 - -5)) + 0 - (-18 + 4)?
12
Calculate (-4 - (13 + -30)) + -13.
0
Calculate (135 - 158) + (0 - 1) + 10.
-14
What is 0 - (-21 - (-14 - -8))?
15
19 + -1 + -4 + 6 + -6 + -6
8
Calculate -7 + (-6 - -6 - 0) + 8.
1
Evaluate 5 - ((0 - (0 - 3)) + -18 + 19).
1
What is the value of 52 + -56 - (3 - ((-1 - -2) + 3))?
-3
What is -17 - (-5 + 5 + -13)?
-4
Evaluate 4 + (7 + 1 + (1 - 16) - -9).
6
Evaluate 0 - -10 - (-126 - -139) - 24.
-27
What is 34 - (-9 + 45) - 14?
-16
What is (1 - -12) + (0 - -4) + -8 + -1?
8
Evaluate -4 - (20 - (11 + 5)).
-8
-25 - (4 + -1 + -3 - (-1 + 9))
-17
Calculate (-3 - -2) + 33 + -7 + (-24 - -15).
16
Calculate -5 + (-5 - -5) + 8 + -13.
-10
What is the value of -20 - ((10 - -4) + 22 + -34)?
-22
(12 - 25) + 0 - -24
11
What is (10 - 3) + -3 - 3?
1
(5 + -7 - 1) + (-28 - -33)
2
What is the value of -2 - 7 - (-10 + (-4 - 6) + 5)?
6
What is (-1 - 1) + (21 - (23 + 0))?
-4
What is -14 - (9 + -2 - (10 - (-2 + 4)))?
-13
Calculate (10 - 8) + (2 - 3) + (-1 - -6).
6
Evaluate -3 + -18 - 4 - -13.
-12
What is 0 + 3 + -18 + (9 - -2) + 0?
-4
What is the value of (2 - (-7 + -9)) + 2 + -8 + -3?
9
What is -3 + (-91 + 82 - (-12 + 1))?
-1
What is the value of -1 - -9 - (12 + (0 - -2))?
-6
(-2 + 1 - (-18 + 17)) + 11
11
Evaluate (1 - 0 - -22) + (1987 - 1976).
34
2 + (38 + -11 - 12) + -24
-7
Calculate -2 + -5 - (-60 + 52 + (7 - -1)).
-7
What is the value of -4 + (1 - -40) + (-8 - 4)?
25
What is (-7 - 5) + (10 - -1)?
-1
Calculate (-10 + -4 - 3) + -25 + 55.
13
Evaluate 0 - 19 - (-58 + 19 + 38).
-18
What is the value of -28 + (-1 + 4 - 1) - (4 + -2)?
-28
Evaluate -8 + 20 + (-10 + 15 - 9).
8
Calculate 18 + (6 - (-7 - (0 + 2)) - 8).
25
What is the value of 8 + -3 - (-48 - -52) - 11?
-10
What is (11 - 1) + -444 + 444?
10
What is the value of -12 + (2 - 3) + (-11 - (0 - 7))?
-17
What is the value of -45 + -21 - -53 - (0 + 1)?
-14
99 + (-239 - -134) + (0 - (-41 - -1))
34
Evaluate -17 - (-15 + -13 + 5).
6
What is -15 - (-11 + -18 - -6)?
8
-81 + 93 + (-2 - -3) - 36
-23
Evaluate (-1 - (-8 + 6 + -4)) + -7 + -6.
-8
Evaluate -26 + -4 + 38 + -20.
-12
What is the value of -20 + 34 + -26 + 31?
19
Evaluate (12 - ((-8 - -9) + 7)) + (6 - 1)